{"id":120,"date":"2025-04-27T16:58:23","date_gmt":"2025-04-27T14:58:23","guid":{"rendered":"https:\/\/astonrentals.com\/new\/?page_id=120"},"modified":"2025-04-27T17:27:43","modified_gmt":"2025-04-27T15:27:43","slug":"logrono","status":"publish","type":"page","link":"https:\/\/astonrentals.com\/new\/destinos\/logrono\/","title":{"rendered":"Logro\u00f1o"},"content":{"rendered":"<p><span style=\"font-family: inherit; font-size: 36px; font-style: inherit;\">Apartamentos tur\u00edsticos en Logro\u00f1o<br \/>\n<\/span><\/p>\n<header>Vive la esencia de La Rioja en Logro\u00f1o: tapas, vino y cultura en cada esquina. Reserva tu apartamento ideal en el coraz\u00f3n de la ciudad con Aston Rentals.<\/p>\n<p><a class=\"button\" href=\"\/alojamientos\">Buscar alojamiento en Logro\u00f1o<\/a><\/p>\n<\/header>\n<section>\n<h2>Logro\u00f1o: sabor, historia y buen vivir<\/h2>\n<p>Logro\u00f1o, capital de La Rioja, es famosa por su gastronom\u00eda, sus vinos mundialmente reconocidos y su ambiente acogedor. Perfecta para escapadas culturales y gastron\u00f3micas inolvidables.<\/p>\n<\/section>\n<section>\n<h2>\u00bfPor qu\u00e9 reservar tu apartamento en Logro\u00f1o con Aston Rentals?<\/h2>\n<ul>\n<li>\u2714 Apartamentos c\u00e9ntricos y bien comunicados<\/li>\n<li>\u2714 Calidad garantizada y trato directo sin intermediarios<\/li>\n<li>\u2714 Cancelaci\u00f3n flexible en muchas propiedades<\/li>\n<li>\u2714 Atenci\u00f3n personalizada para resolver todas tus dudas<\/li>\n<\/ul>\n<\/section>\n<section>\n<h2>Qu\u00e9 hacer en Logro\u00f1o<\/h2>\n<ul>\n<li><strong>Tapear en la famosa Calle Laurel<\/strong> y disfrutar de los mejores pinchos<\/li>\n<li><strong>Visitar bodegas<\/strong> y vivir la experiencia del enoturismo<\/li>\n<li><strong>Pasear por el casco antiguo<\/strong> y descubrir su patrimonio hist\u00f3rico<\/li>\n<li><strong>Explorar el Camino de Santiago<\/strong> a su paso por Logro\u00f1o<\/li>\n<li><strong>Disfrutar del ambiente local<\/strong> en plazas, parques y mercados<\/li>\n<\/ul>\n<\/section>\n<section>\n<h2>Reserva ahora tu alojamiento en Logro\u00f1o con Aston Rentals<\/h2>\n<p>Descubre la Rioja aut\u00e9ntica aloj\u00e1ndote en apartamentos seleccionados y gestionados directamente por Aston Rentals. \u00a1Te esperamos!<\/p>\n<p><a class=\"button\" href=\"\/alojamientos\">Ver alojamientos disponibles<\/a><\/p>\n<\/section>\n","protected":false},"excerpt":{"rendered":"<p>Apartamentos tur\u00edsticos en Logro\u00f1o Vive la esencia de La Rioja en Logro\u00f1o: tapas, vino y cultura en cada esquina. Reserva tu apartamento ideal en el coraz\u00f3n de la ciudad con Aston Rentals. Buscar alojamiento en Logro\u00f1o Logro\u00f1o: sabor, historia y buen vivir Logro\u00f1o, capital de La Rioja, es famosa por su gastronom\u00eda, sus vinos mundialmente &#8230; <a title=\"Logro\u00f1o\" class=\"read-more\" href=\"https:\/\/astonrentals.com\/new\/destinos\/logrono\/\" aria-label=\"Leer m\u00e1s sobre Logro\u00f1o\">Leer m\u00e1s<\/a><\/p>\n","protected":false},"author":1,"featured_media":0,"parent":66,"menu_order":25,"comment_status":"closed","ping_status":"closed","template":"","meta":{"footnotes":""},"class_list":["post-120","page","type-page","status-publish"],"yoast_head":"<!-- This site is optimized with the Yoast SEO plugin v25.0 - https:\/\/yoast.com\/wordpress\/plugins\/seo\/ -->\n<title>Aston Rentals | Apartamentos tur\u00edsticos en Logro\u00f1o<\/title>\n<meta name=\"description\" content=\"Reserva tu apartamento tur\u00edstico en Logro\u00f1o con Aston Rentals. Gastronom\u00eda, vino y cultura te esperan en el coraz\u00f3n de La Rioja.\" \/>\n<meta name=\"robots\" content=\"index, follow, max-snippet:-1, max-image-preview:large, max-video-preview:-1\" \/>\n<link rel=\"canonical\" href=\"https:\/\/astonrentals.com\/new\/destinos\/logrono\/\" \/>\n<meta property=\"og:locale\" content=\"es_ES\" \/>\n<meta property=\"og:type\" content=\"article\" \/>\n<meta property=\"og:title\" content=\"Aston Rentals | Apartamentos tur\u00edsticos en Logro\u00f1o\" \/>\n<meta property=\"og:description\" content=\"Reserva tu apartamento tur\u00edstico en Logro\u00f1o con Aston Rentals. Gastronom\u00eda, vino y cultura te esperan en el coraz\u00f3n de La Rioja.\" \/>\n<meta property=\"og:url\" content=\"https:\/\/astonrentals.com\/new\/destinos\/logrono\/\" \/>\n<meta property=\"og:site_name\" content=\"Aston Rentals\" \/>\n<meta property=\"article:modified_time\" content=\"2025-04-27T15:27:43+00:00\" \/>\n<meta name=\"twitter:card\" content=\"summary_large_image\" \/>\n<meta name=\"twitter:label1\" content=\"Tiempo de lectura\" \/>\n\t<meta name=\"twitter:data1\" content=\"1 minuto\" \/>\n<script type=\"application\/ld+json\" class=\"yoast-schema-graph\">{\"@context\":\"https:\/\/schema.org\",\"@graph\":[{\"@type\":\"WebPage\",\"@id\":\"https:\/\/astonrentals.com\/new\/destinos\/logrono\/\",\"url\":\"https:\/\/astonrentals.com\/new\/destinos\/logrono\/\",\"name\":\"Aston Rentals | Apartamentos tur\u00edsticos en Logro\u00f1o\",\"isPartOf\":{\"@id\":\"https:\/\/astonrentals.com\/new\/#website\"},\"datePublished\":\"2025-04-27T14:58:23+00:00\",\"dateModified\":\"2025-04-27T15:27:43+00:00\",\"description\":\"Reserva tu apartamento tur\u00edstico en Logro\u00f1o con Aston Rentals. Gastronom\u00eda, vino y cultura te esperan en el coraz\u00f3n de La Rioja.\",\"breadcrumb\":{\"@id\":\"https:\/\/astonrentals.com\/new\/destinos\/logrono\/#breadcrumb\"},\"inLanguage\":\"es\",\"potentialAction\":[{\"@type\":\"ReadAction\",\"target\":[\"https:\/\/astonrentals.com\/new\/destinos\/logrono\/\"]}]},{\"@type\":\"BreadcrumbList\",\"@id\":\"https:\/\/astonrentals.com\/new\/destinos\/logrono\/#breadcrumb\",\"itemListElement\":[{\"@type\":\"ListItem\",\"position\":1,\"name\":\"Home\",\"item\":\"https:\/\/astonrentals.com\/new\/\"},{\"@type\":\"ListItem\",\"position\":2,\"name\":\"Destinos\",\"item\":\"https:\/\/astonrentals.com\/new\/destinos\/\"},{\"@type\":\"ListItem\",\"position\":3,\"name\":\"Logro\u00f1o\"}]},{\"@type\":\"WebSite\",\"@id\":\"https:\/\/astonrentals.com\/new\/#website\",\"url\":\"https:\/\/astonrentals.com\/new\/\",\"name\":\"Aston Rentals\",\"description\":\"Reserva tu apartamento tur\u00edstico en Bizkaia y Gipuzkoa al mejor precio garantizado.\",\"potentialAction\":[{\"@type\":\"SearchAction\",\"target\":{\"@type\":\"EntryPoint\",\"urlTemplate\":\"https:\/\/astonrentals.com\/new\/?s={search_term_string}\"},\"query-input\":{\"@type\":\"PropertyValueSpecification\",\"valueRequired\":true,\"valueName\":\"search_term_string\"}}],\"inLanguage\":\"es\"}]}<\/script>\n<!-- \/ Yoast SEO plugin. -->","yoast_head_json":{"title":"Aston Rentals | Apartamentos tur\u00edsticos en Logro\u00f1o","description":"Reserva tu apartamento tur\u00edstico en Logro\u00f1o con Aston Rentals. Gastronom\u00eda, vino y cultura te esperan en el coraz\u00f3n de La Rioja.","robots":{"index":"index","follow":"follow","max-snippet":"max-snippet:-1","max-image-preview":"max-image-preview:large","max-video-preview":"max-video-preview:-1"},"canonical":"https:\/\/astonrentals.com\/new\/destinos\/logrono\/","og_locale":"es_ES","og_type":"article","og_title":"Aston Rentals | Apartamentos tur\u00edsticos en Logro\u00f1o","og_description":"Reserva tu apartamento tur\u00edstico en Logro\u00f1o con Aston Rentals. Gastronom\u00eda, vino y cultura te esperan en el coraz\u00f3n de La Rioja.","og_url":"https:\/\/astonrentals.com\/new\/destinos\/logrono\/","og_site_name":"Aston Rentals","article_modified_time":"2025-04-27T15:27:43+00:00","twitter_card":"summary_large_image","twitter_misc":{"Tiempo de lectura":"1 minuto"},"schema":{"@context":"https:\/\/schema.org","@graph":[{"@type":"WebPage","@id":"https:\/\/astonrentals.com\/new\/destinos\/logrono\/","url":"https:\/\/astonrentals.com\/new\/destinos\/logrono\/","name":"Aston Rentals | Apartamentos tur\u00edsticos en Logro\u00f1o","isPartOf":{"@id":"https:\/\/astonrentals.com\/new\/#website"},"datePublished":"2025-04-27T14:58:23+00:00","dateModified":"2025-04-27T15:27:43+00:00","description":"Reserva tu apartamento tur\u00edstico en Logro\u00f1o con Aston Rentals. Gastronom\u00eda, vino y cultura te esperan en el coraz\u00f3n de La Rioja.","breadcrumb":{"@id":"https:\/\/astonrentals.com\/new\/destinos\/logrono\/#breadcrumb"},"inLanguage":"es","potentialAction":[{"@type":"ReadAction","target":["https:\/\/astonrentals.com\/new\/destinos\/logrono\/"]}]},{"@type":"BreadcrumbList","@id":"https:\/\/astonrentals.com\/new\/destinos\/logrono\/#breadcrumb","itemListElement":[{"@type":"ListItem","position":1,"name":"Home","item":"https:\/\/astonrentals.com\/new\/"},{"@type":"ListItem","position":2,"name":"Destinos","item":"https:\/\/astonrentals.com\/new\/destinos\/"},{"@type":"ListItem","position":3,"name":"Logro\u00f1o"}]},{"@type":"WebSite","@id":"https:\/\/astonrentals.com\/new\/#website","url":"https:\/\/astonrentals.com\/new\/","name":"Aston Rentals","description":"Reserva tu apartamento tur\u00edstico en Bizkaia y Gipuzkoa al mejor precio garantizado.","potentialAction":[{"@type":"SearchAction","target":{"@type":"EntryPoint","urlTemplate":"https:\/\/astonrentals.com\/new\/?s={search_term_string}"},"query-input":{"@type":"PropertyValueSpecification","valueRequired":true,"valueName":"search_term_string"}}],"inLanguage":"es"}]}},"_links":{"self":[{"href":"https:\/\/astonrentals.com\/new\/wp-json\/wp\/v2\/pages\/120","targetHints":{"allow":["GET"]}}],"collection":[{"href":"https:\/\/astonrentals.com\/new\/wp-json\/wp\/v2\/pages"}],"about":[{"href":"https:\/\/astonrentals.com\/new\/wp-json\/wp\/v2\/types\/page"}],"author":[{"embeddable":true,"href":"https:\/\/astonrentals.com\/new\/wp-json\/wp\/v2\/users\/1"}],"replies":[{"embeddable":true,"href":"https:\/\/astonrentals.com\/new\/wp-json\/wp\/v2\/comments?post=120"}],"version-history":[{"count":1,"href":"https:\/\/astonrentals.com\/new\/wp-json\/wp\/v2\/pages\/120\/revisions"}],"predecessor-version":[{"id":121,"href":"https:\/\/astonrentals.com\/new\/wp-json\/wp\/v2\/pages\/120\/revisions\/121"}],"up":[{"embeddable":true,"href":"https:\/\/astonrentals.com\/new\/wp-json\/wp\/v2\/pages\/66"}],"wp:attachment":[{"href":"https:\/\/astonrentals.com\/new\/wp-json\/wp\/v2\/media?parent=120"}],"curies":[{"name":"wp","href":"https:\/\/api.w.org\/{rel}","templated":true}]}}